450945?
3, 5, 11, 911
List the prime factors of 11578793.
79, 97, 1511
List the prime factors of 24351189.
3, 1031, 7873
What are the prime factors of 627182?
2, 557, 563
List the prime factors of 3588140.
2, 5, 179407
List the prime factors of 343024.
2, 11, 1949
List the prime factors of 11202984.
2, 3, 13, 11969
List the prime factors of 25549416.
2, 3, 73, 4861
What are the prime factors of 133605?
3, 5, 2969
List the prime factors of 470444.
2, 13, 83, 109
What are the prime factors of 95789?
95789
What are the prime factors of 873249?
3, 13, 22391
What are the prime factors of 2137543?
31, 53, 1301
List the prime factors of 369.
3, 41
What are the prime factors of 100099?
31, 3229
List the prime factors of 247933.
7, 35419
List the prime factors of 1621629.
3, 180181
What are the prime factors of 481043?
481043
What are the prime factors of 235792?
2, 14737
What are the prime factors of 14978038?
2, 41, 182659
What are the prime factors of 3045144?
2, 3, 181, 701
List the prime factors of 3283799.
31, 105929
What are the prime factors of 3776993?
11, 107, 3209
What are the prime factors of 1617579?
3, 191, 941
List the prime factors of 874653.
3, 13, 41, 547
What are the prime factors of 95899?
41, 2339
What are the prime factors of 561936?
2, 3, 23, 509
What are the prime factors of 9566556?
2, 3, 811, 983
List the prime factors of 10943999.
11, 157, 6337
List the prime factors of 997681.
997681
What are the prime factors of 721985?
5, 11, 13127
What are the prime factors of 2603922?
2, 3, 23, 18869
What are the prime factors of 735622?
2, 41, 8971
What are the prime factors of 8088406?
2, 1543, 2621
List the prime factors of 15826685.
5, 7, 452191
List the prime factors of 58185.
3, 5, 431
What are the prime factors of 16135477?
127, 127051
List the prime factors of 26334.
2, 3, 7, 11, 19
What are the prime factors of 593827?
13, 17, 2687
What are the prime factors of 1300045?
5, 260009
List the prime factors of 588543.
3, 196181
What are the prime factors of 105904?
2, 6619
List the prime factors of 24763.
24763
List the prime factors of 5994612.
2, 3, 13, 12809
What are the prime factors of 21934943?
21934943
What are the prime factors of 294930?
2, 3, 5, 29, 113
List the prime factors of 295757.
7, 11, 23, 167
List the prime factors of 1423328.
2, 19, 2341
List the prime factors of 4890280.
2, 5, 179, 683
List the prime factors of 1927996.
2, 7, 37, 1861
What are the prime factors of 422907?
3, 29, 4861
List the prime factors of 251952.
2, 3, 29, 181
List the prime factors of 496737.
3, 97, 569
What are the prime factors of 2588758?
2, 107, 12097
List the prime factors of 3771728.
2, 19, 653
What are the prime factors of 6273916?
2, 11, 142589
List the prime factors of 23784833.
227, 104779
What are the prime factors of 48205?
5, 31, 311
List the prime factors of 3781235.
5, 756247
What are the prime factors of 695198?
2, 7, 17, 23, 127
List the prime factors of 1895158.
2, 947579
List the prime factors of 48314.
2, 7, 17, 29
What are the prime factors of 942108?
2, 3, 78509
List the prime factors of 77625.
3, 5, 23
What are the prime factors of 517577?
517577
List the prime factors of 236687.
11, 21517
What are the prime factors of 1011553?
1011553
What are the prime factors of 9114105?
3, 5, 7, 11, 13, 607
List the prime factors of 178971.
3, 13, 353
What are the prime factors of 307781?
19, 97, 167
What are the prime factors of 266155?
5, 53231
List the prime factors of 284151.
3, 7, 1933
What are the prime factors of 272251?
7, 19, 23, 89
What are the prime factors of 507105?
3, 5, 59, 191
List the prime factors of 464201.
464201
What are the prime factors of 27288384?
2, 3, 311, 457
What are the prime factors of 683169?
3, 23, 9901
What are the prime factors of 8029194?
2, 3, 41, 127, 257
List the prime factors of 489531.
3, 7, 23311
What are the prime factors of 3482933?
421, 8273
What are the prime factors of 1237833?
3, 137537
What are the prime factors of 1243386?
2, 3, 67, 1031
What are the prime factors of 5841796?
2, 421, 3469
What are the prime factors of 2706549?
3, 43, 20981
List the prime factors of 20029442.
2, 53, 188957
What are the prime factors of 314832?
2, 3, 7, 937
What are the prime factors of 23006530?
2, 5, 19, 6373
List the prime factors of 161506.
2, 23, 3511
What are the prime factors of 241500?
2, 3, 5, 7, 23
List the prime factors of 11997325.
5, 17, 28229
List the prime factors of 432101.
23, 18787
What are the prime factors of 313183?
13, 24091
What are the prime factors of 12154927?
19, 103, 6211
What are the prime factors of 12332532?
2, 3, 79, 13009
List the prime factors of 24518142.
2, 3, 11, 123829
List the prime factors of 258179.
17, 15187
List the prime factors of 2081080.
2, 5, 52027
What are the prime factors of 1292801?
1292801
List the prime factors of 16583202.
2, 3, 31, 113, 263
List the prime factors of 8467744.
2, 71, 3727
List the prime factors of 1133921.
59, 19219
What are the prime factors of 475162?
2, 237581
List the prime factors of 4113128.
2, 29, 17729
List the prime factors of 640252.
2, 67, 2389
What are the prime factors of 266158?
2, 73, 1823
What are the prime factors of 729681?
3, 243227
List the prime factors of 19576918.
2, 1297, 7547
What are the prime factors of 1423598?
2, 11, 64709
What are the prime factors of 3725914?
2, 1862957
List the prime factors of 365484.
2, 3, 7, 19, 229
What are the prime factors of 473482?
2, 61, 3881
What are the prime factors of 1367007?
3, 31, 14699
What are the prime factors of 7838654?
2, 3919327
What are the prime factors of 15877018?
2, 59, 197, 683
List the prime factors of 392218.
2, 67, 2927
What are the prime factors of 509451?
3, 169817
List the prime factors of 162054.
2, 3, 3001
What are the prime factors of 2377021?
2377021
List the prime factors of 1373904.
2, 3, 7, 29, 47
What are the prime factors of 8301918?
2, 3, 1383653
List the prime factors of 678593.
678593
What are the prime factors of 15359598?
2, 3, 461, 617
List the prime factors of 19329.
3, 17, 379
List the prime factors of 317761.
197, 1613
What are the prime factors of 13138682?
2, 29, 359, 631
List the prime factors of 1380637.
1380637
What are the prime factors of 16820614?
2, 83, 107, 947
List the prime factors of 2006020.
2, 5, 19, 5279
List the prime factors of 1690185.
3, 5, 7, 16097
List the prime factors of 6884553.
3, 13, 37, 367
What are the prime factors of 103144?
2, 12893
What are the prime factors of 23638?
2, 53, 223
List the prime factors of 24055942.
2, 12027971
List the prime factors of 1178726.
2, 109, 5407
What are the prime factors of 1542299?
11, 149, 941
What are the prime factors of 731943?
3, 27109
What are the prime factors of 108310?
2, 5, 10831
What are the prime factors of 17209661?
7, 17, 47, 181
What are the prime factors of 780852?
2, 3, 65071
List the prime factors of 32601.
3, 10867
List the prime factors of 24073874.
2, 11, 19, 57593
What are the prime factors of 5903173?
5903173
What are the prime factors of 235742?
2, 13, 9067
What are the prime factors of 398745?
3, 5, 8861
List the prime factors of 9347841.
3, 17, 107, 571
What are the prime factors of 239301?
3, 8863
List the prime factors of 320110.
2, 5, 7, 17, 269
What are the prime factors of 502543?
502543
List the prime factors of 10058403.
3, 137, 24473
What are the prime factors of 16743?
3, 5581
List the prime factors of 400834.
2, 7, 28631
List the prime factors of 114490.
2, 5, 107
List the prime factors of 10763228.
2, 7, 269, 1429
What are the prime factors of 7000463?
41, 113, 1511
What are the prime factors of 40423?
40423
What are the prime factors of 439818?
2, 3, 73303
What are the prime factors of 1695295?
5, 7, 48437
What are the prime factors of 46548?
2, 3, 431
List the prime factors of 3166390.
2, 5, 47, 6737
List the prime factors of 1619086.
2, 7, 109, 1061
What are the prime factors of 54432?
2, 3, 7
List the prime factors of 34789342.
2, 7, 19, 130787
What are the prime factors of 2963004?
2, 3, 11, 22447
List the prime factors of 138845.
5, 7, 3967
List the prime factors of 1253797.
631, 1987
What are the prime factors of 2868865?
5, 439, 1307
List the prime factors of 5304406.
2, 2652203
List the prime factors of 545278.
2, 59, 4